k = 6 - 24. Suppose 0 = u + a + 3. Let x(f) be the third derivative of f**4/8 + f**3/3 - 295*f**2. Determine x(u).
-13
Let d(u) = 19*u**2 + 5*u - 101. Let k(y) = 24*y**2 + y - 100. Let z(n) = 5*d(n) - 4*k(n). Calculate z(8).
-1
Let o(m) = 10*m**2 - 226894 - 3*m + 226892 - m**3 - 5*m**2. What is o(6)?
-56
Suppose 0 = 147*w - 151*w - 8, 5 = h - 3*w. Let s(o) = 27*o**3 - o**2 - 5*o - 4. Calculate s(h).
-27
Let j(h) = -h**3 - 16*h**2 - 2*h - 42. Suppose 2*l + 20 = -r, 5*l = -r - 19 - 7. What is j(r)?
-10
Let p(l) = 3*l + 14. Suppose 0 = -5*g - 3*j + 97, -2*j + 99 = 5*g - j. Suppose 9*w - 5*w + 36 = -3*i, 0 = 4*w - i + g. Calculate p(w).
-4
Let m = -195889 + 195880. Let n(y) be the second derivative of y**5/20 + 5*y**4/6 + 7*y**3/6 - 11*y**2/2 - y. Calculate n(m).
7
Let a(k) = -10*k**2. Let j = -3274 + 3280. Let p(h) = h**2 - 3*h - 6. Let d be p(5). Suppose 0 = d*q + j*q + 10. What is a(q)?
-10
Let c(j) = 32*j - 92. Let h(q) = -13*q + 45. Let d(p) = 3*c(p) + 7*h(p). Give d(-19).
-56
Let r(u) = -58*u - 6. Let g(n) = 21*n + 2. Let i(b) = 11*g(b) + 4*r(b). Suppose 5*j = 2*s + 1, 1 = s + 3*j - 4. Give i(s).
-4
Let h(f) be the first derivative of 2*f**2 + 12*f - 958. Give h(6).
36
Let z(d) = d**3 - d**2 - 2*d - 11. Suppose -3*n - 26*n = 7424. Let j = -256 - n. What is z(j)?
-11
Let y(t) = -13*t**2 + 2*t - 2. Let u(n) = -7*n**2 + n - 1. Let p(m) = -7*u(m) + 4*y(m). Suppose 0 = -6*i - 7*i + 39. Let o be 3*3/(12 - i). Give p(o).
-3
Let t(z) = 62*z + 678. Let g be t(-11). Let x(r) = -14*r + 11*r + 0*r - r. Calculate x(g).
16
Let t = -75 - -118. Let y = 43 - t. Suppose 5*q + 5*m = 15, 0*q + 2*q - 4*m - 30 = y. Let p(r) = -r**2 + 6*r + 6. Determine p(q).
-1
Let g(m) = -m**3 + 6*m**2 - 6*m - 2. Let j be g(5). Let b(o) = -145*o - 9. Let h(l) = -121*l - 8. Let q(a) = -5*b(a) + 6*h(a). What is q(j)?
4
Let a(q) = -q**3 + 4*q**2 + 8*q + 4. Let j be a(6). Let o = j + 35. Let x(k) = -7 - 7 + 2*k + o - 9*k. What is x(1)?
-6
Let p(g) = 6*g + 6. Let z(l) = 2*l - 1 + l - 5*l. Let x(t) = -p(t) - z(t). Give x(-9).
31
Let h(v) = -9*v**3 + 10*v**2 - 54*v + 12. Let b(n) = -7*n**3 + 8*n**2 - 43*n + 11. Let z(x) = 5*b(x) - 4*h(x). Give z(0).
7
Let k(b) = 9*b - 213. Let u be k(24). Let f(r) = 0 - u*r + 1 - 71*r**2 + r + 83*r**2. Give f(1).
11
Let c(l) be the first derivative of -65*l**2 - 38 + 31*l**2 + 33*l**2 + 12*l. Calculate c(6).
0
Let l(q) be the first derivative of q**4/4 - 4*q**3 + 7*q - 597. Calculate l(12).
7
Let r(t) be the first derivative of 2/3*t**3 - 181 - 9*t + 9/2*t**2. Determine r(-7).
26
Let q(p) be the first derivative of -p**5/30 - 27*p**3 - 33. Let a(b) be the third derivative of q(b). Give a(8).
-32
Let d(h) = -10*h + 29*h - 18 - 7*h + 0*h - 4*h. What is d(2)?
-2
Let q = -8 - -12. Suppose -2*o = -2*d + 2, 0*d + 5*d = -3*o - 11. Let t(p) = 3*p**2 - 5*p + 3. Let r(z) = z**2 + 1. Let s(h) = d*t(h) + 2*r(h). Give s(q).
3
Let w(j) be the second derivative of j**4/12 + 11*j**3/6 - 3*j**2 + 10*j - 85. Suppose z + 1 = -10. What is w(z)?
-6
Suppose 0 = -42*h + 39*h + 6. Suppose 0*j - d = -3*j + 13, -2*j + 2 = d. Let o(y) = 5*y + 2*y**2 + 5*y - y**2 - 13*y + j. Calculate o(h).
1
Let d = 44 - 43. Suppose 0 = 3*t + d - 7. Let p(j) = 4 - 4*j**2 - j**3 - j**2 + 12*j**t - j. Calculate p(7).
-3
Let q(w) = 58*w - 11*w - 73*w + 188. Calculate q(7).
6
Let r(j) = j**3 - 12*j**2 + 22*j - 12. Let o be 2/(-3 - (-32)/4)*(31 - 6). Give r(o).
8
Let i(o) = -13*o + 16. Let s(j) = -27*j + 5. Let d(r) = 2*i(r) - s(r). Calculate d(-25).
2
Let b(r) be the second derivative of r**4/4 + 14*r**3/3 + 3*r**2/2 + 2376*r. Calculate b(-9).
-6
Let h = -21 - -27. Suppose 5*w + 35 - 75 = 0. Let z(x) = 1 - x**2 + 0 - 6 + w*x - x. Determine z(h).
1
Let m(k) = -23*k**2 - 4 - 8*k + 45*k**2 - 21*k**2. Determine m(9).
5
Let m be 36/(-9) - -19 - 21. Let f(d) be the second derivative of d**5/20 + 7*d**4/12 + 5*d**3/6 + 2*d**2 + 2*d. Calculate f(m).
10
Let r(j) = 3 - 45 - 5*j + 13*j - 44. Determine r(12).
10
Suppose 0 = 100*o - 92*o - 24. Let c(p) be the third derivative of p**6/120 - p**5/30 - p**4/24 - p**3/2 - 43*p**2 + 1. Calculate c(o).
3
Let w(v) be the third derivative of -v**6/120 + v**5/12 - v**4/8 + v**3 - 40*v**2. Suppose -182*g + 581 = 94 - 241. Calculate w(g).
10
Let d(q) = -q**3 - 67*q**2 + 7*q + 466. Let n be d(-67). Let f(v) = -4*v - 34. What is f(n)?
-22
Let c = 6537 + -6532. Let t(a) be the second derivative of 0 + 11/2*a**2 + a - 1/6*a**3. Give t(c).
6
Let l(t) be the third derivative of 2*t**4/3 - 16*t**3 + 441*t**2. Give l(6).
0
Suppose w = 2*t - 108, -180 = -3*t - 3*w - 0*w. Let f(q) = 14*q + q**2 - t*q + 39*q. Determine f(-3).
18
Let c(d) = -9*d**3 + 2*d**2 + 7*d - 6. Let g(a) = -20*a**3 + 3*a**2 + 16*a - 13. Let m(n) = 9*c(n) - 4*g(n). Suppose -12 + 0 = -2*i. What is m(i)?
-8
Let x be (-375)/(-60) - 1/((-20)/(-5)). Let s(o) = -3*o**2 + 15*o + 17. Let c(w) = -w**2 + 5*w + 6. Let l(j) = 7*c(j) - 2*s(j). What is l(x)?
2
Let s(c) be the third derivative of -c**6/24 - c**5/60 + c**3/6 - 1081*c**2. Let w = 1 + -2. What is s(w)?
5
Let y(o) = o**2 + 4*o + 1. Let k(n) = 3*n**2 + 12*n + 3. Let s(x) = 3*k(x) - 8*y(x). Suppose j - v + 0 = -1, 0 = 3*j + 4*v + 24. Give s(j).
1
Let n(v) = -4*v**2 + 16*v + 155. Let j(a) = -7*a**2 + 34*a + 311. Let w(o) = -5*j(o) + 9*n(o). Determine w(-15).
5
Let p(z) = z**2 - 3. Let a = -109 + 114. Suppose -3*s + a*j = -5*s, 0 = -j. Give p(s).
-3
Let f(q) = 5*q**2 + 3*q - 3. Let r = 3464 - 3461. Calculate f(r).
51
Let j be 8 - (13/(-8))/((-5)/40). Let k(g) be the second derivative of -5*g**3/6 + g**2 - g. Give k(j).
27
Suppose -14643*z = -14660*z + 85. Let a(x) = 3*x + 10. Let v(k) = -4*k - 10. Let q(c) = -5*a(c) - 4*v(c). What is q(z)?
-5
Let m(r) = 12*r + 135. Let t(q) = -38*q - 409. Let v(a) = 13*m(a) + 4*t(a). Determine v(-30).
-1
Let z(n) = -197510*n - 5*n**2 + 197521*n + 9*n**2 + 13 - 3*n**2. Let b be ((-6)/4)/(1/(-2)). Suppose 0 = -3*t + 5*r - 35, -2*t + b*r - 13 = -t. Calculate z(t).
3
Let g(k) = -k**2. Let p be (4/(-8) + -2)*-22. Let r(f) = -f**3 - 7*f**2 + 4*f + 7. Let h be r(-6). Let a = p + h. Give g(a).
-4
Let k(d) = -2*d**2 + 50*d - 22. Suppose q = 4*r + 33, -9*q - 2*r - 102 = -323. Give k(q).
-22
Let v(f) = -f**3 - 5*f**2 - 21. Suppose -82*m - 64 + 172 = 600. Calculate v(m).
15
Let x(a) = -2*a - 32*a**2 - 4 + 29*a**2 + 0 + 4*a. Let r be (-20)/(-5)*1/(-2). Let w(l) = -10*l**2 + 5*l - 13. Let h(t) = r*w(t) + 7*x(t). Determine h(5).
-7
Suppose -5*u = -5*v - 7*u - 32, -2*v - 3*u - 15 = 0. Let g = 51 - 48. Let d(n) = -n**2 - 5*n**2 + 0*n**g + 3 - n**3 - 4 + n. Calculate d(v).
-7
Let a(y) = -3*y**2 + 1. Let n(h) = -h**3 - 14*h**2 + 44*h - 117. Let j be n(-17). Determine a(j).
-11
Let x(z) be the second derivative of -z**5/20 + 5*z**4/6 - 2*z**3 + 9*z**2/2 + 612*z. Give x(9).
-18
Let w(p) be the first derivative of p**3/3 + p**2 - 7*p + 1. Let u be (-374 + 376)*15/(-6). Determine w(u).
8
Let o(q) = -38 - 56 - 188*q + 191*q + 117. Determine o(-8).
-1
Let v be 14/(-35) + 12/5. Let t(x) = 4*x**2 - v*x**2 - 3*x**2 - 8*x - 8. Let r(d) = -d**3 - 3*d**2 + 43*d + 123. Let l be r(-3). Give t(l).
4
Let j(c) = c**3 + 8*c**2 + 8*c - 7. Let p(r) = -8 - 19 + 4620*r - 4610*r. Let t be p(2). What is j(t)?
-14
Let p(g) be the second derivative of g**5/20 + g**4 - 5*g**3/3 + 51*g**2/2 - 3*g - 420. Calculate p(-13).
12
Let q(x) = 15 - 3298*x + 1 + 3291*x - 7. Give q(4).
-19
Suppose -c + 0*c = 2*n + 21, -n - c = 10. Let g = n - -11. Let b(m) = -902 + g*m - m + 3*m + 900 + m**2. What is b(-3)?
1
Let p(b) be the third derivative of 1/24*b**4 + 0 - 21*b**2 + 0*b - 5/6*b**3. What is p(5)?
0
Suppose 3*w = -5*l + 6, 31*w + 4 = 4*l + 33*w. Let g(m) be the second derivative of -1/12*m**4 + 0*m**2 + 1/2*m**3 + 4*m + l. What is g(5)?
-10
Suppose 0*a = -a - 4. Let f(p) = 39*p**3 + 7*p**2 + 8*p - 15. Let n(w) = -8*w**3 - 2*w**2 - w + 2. Let m(h) = f(h) + 5*n(h). What is m(a)?
-1
Let m(k) = -105*k + 88. Let a(g) = 193*g - 178. Let i(c) = 6*a(c) + 11*m(c). Determine i(37).
11
Let u = 15 - 17. Let l(o) = o + 47. Let s(x) = -x - 92. Let k(y) = 2*l(y) + s(y). Calculate k(u).
0
Let l(w) = w**2 - w - 3. Let t be l(3). Let h(m) be the third derivative of 0*m + 1/8*m**4 - 1/60*m**5 + 7*m**2 + 2 - 1/2*m**3. What is h(t)?
-3
Let z(o) = o**2 - 7*o + 4. Suppose -49*v + 25 = -24. Let i(k) = 7*k**3 